{"id":37,"date":"2016-10-08T08:43:03","date_gmt":"2016-10-08T08:43:03","guid":{"rendered":"http:\/\/www.caravan-alpstaeg.ch\/?page_id=37"},"modified":"2019-02-06T18:24:54","modified_gmt":"2019-02-06T18:24:54","slug":"gasdepot-vitogas","status":"publish","type":"page","link":"https:\/\/www.caravan-alpstaeg.ch\/?page_id=37","title":{"rendered":"Gasdepot Vitogas"},"content":{"rendered":"<p>Caravan Alpst\u00e4g verf\u00fcgt \u00fcber ein Gasdepot der Firma Vitogas. Im Sortiment haben wir die beliebte 10 Kg Kunststoffflaschen oder die 10,5 Kg Stahlflaschen.<\/p>\n<p><img loading=\"lazy\" decoding=\"async\" class=\"alignnone wp-image-38 size-medium\" src=\"http:\/\/www.caravan-alpstaeg.ch\/wp-content\/uploads\/2016\/10\/vitogas-300x225.jpg\" alt=\"vitogas\" width=\"300\" height=\"225\" srcset=\"https:\/\/www.caravan-alpstaeg.ch\/wp-content\/uploads\/2016\/10\/vitogas-300x225.jpg 300w, https:\/\/www.caravan-alpstaeg.ch\/wp-content\/uploads\/2016\/10\/vitogas-107x80.jpg 107w, https:\/\/www.caravan-alpstaeg.ch\/wp-content\/uploads\/2016\/10\/vitogas.jpg 400w\" sizes=\"auto, (max-width: 300px) 100vw, 300px\" \/>\u00a0<img loading=\"lazy\" decoding=\"async\" class=\"alignnone wp-image-43 size-medium\" src=\"http:\/\/www.caravan-alpstaeg.ch\/wp-content\/uploads\/2016\/10\/vitoz1-300x244.jpg\" alt=\"vitoz1\" width=\"300\" height=\"244\" srcset=\"https:\/\/www.caravan-alpstaeg.ch\/wp-content\/uploads\/2016\/10\/vitoz1-300x244.jpg 300w, https:\/\/www.caravan-alpstaeg.ch\/wp-content\/uploads\/2016\/10\/vitoz1-98x80.jpg 98w, https:\/\/www.caravan-alpstaeg.ch\/wp-content\/uploads\/2016\/10\/vitoz1.jpg 440w\" sizes=\"auto, (max-width: 300px) 100vw, 300px\" \/><img loading=\"lazy\" decoding=\"async\" class=\"alignnone wp-image-45 size-medium\" src=\"http:\/\/www.caravan-alpstaeg.ch\/wp-content\/uploads\/2016\/10\/150606_Vitogaz_Flyer_Depot_zurueck_Web_gross-212x300.jpg\" alt=\"150605_Vitogaz_Flyer_Depot_zur\u00fcck_JOA.indd\" width=\"212\" height=\"300\" srcset=\"https:\/\/www.caravan-alpstaeg.ch\/wp-content\/uploads\/2016\/10\/150606_Vitogaz_Flyer_Depot_zurueck_Web_gross-212x300.jpg 212w, https:\/\/www.caravan-alpstaeg.ch\/wp-content\/uploads\/2016\/10\/150606_Vitogaz_Flyer_Depot_zurueck_Web_gross-768x1089.jpg 768w, https:\/\/www.caravan-alpstaeg.ch\/wp-content\/uploads\/2016\/10\/150606_Vitogaz_Flyer_Depot_zurueck_Web_gross-722x1024.jpg 722w, https:\/\/www.caravan-alpstaeg.ch\/wp-content\/uploads\/2016\/10\/150606_Vitogaz_Flyer_Depot_zurueck_Web_gross-56x80.jpg 56w, https:\/\/www.caravan-alpstaeg.ch\/wp-content\/uploads\/2016\/10\/150606_Vitogaz_Flyer_Depot_zurueck_Web_gross.jpg 877w\" sizes=\"auto, (max-width: 212px) 100vw, 212px\" \/><\/p>\n<p>Preise :<\/p>\n<p>10 Kg. Kunststoff\u00a0 inkl. MwSt <strong>SFr. 43.-<\/strong><br \/>\n10,5 Kg. Stahl\u00a0 \u00a0 \u00a0 \u00a0 inkl. MwSt <strong>SFr. 40.-<\/strong><\/p>\n<section id=\"body-wrapper\">\n<section id=\"content-wrapper\" class=\"row transparent\">\n<section class=\"content large-8 medium-12 small-12 columns\">\n<section class=\"large-12 medium-12 small-12 columns contentbox\">\n<article>\n<h3>Sicherheit geht vor!<\/h3>\n<p class=\"bodytext\">Wer sich f\u00fcr einen Gasgrill entschieden hat, k\u00fcmmert sich auch um den sicheren Umgang. So k\u00f6nnen Sie sicher sein:<\/p>\n<p class=\"bodytext\"><b>Beim Anz\u00fcnden<\/b><br \/>\nZum Anz\u00fcnden muss der Deckel des Gasgrills immer ge\u00f6ffnet sein. Um Unf\u00e4lle zu vermeiden, sollte man sich beim Anz\u00fcnden nicht \u00fcber die Grillfl\u00e4che beugen. Z\u00fcndet der Brenner nicht innerhalb von 10 Sekunden nach Gaszufuhr, so sollte diese geschlossen und einige Minuten bei ge\u00f6ffnetem Deckel gewartet werden. Erst danach sollte wieder ein neuer Versuch gestartet werden.<\/p>\n<p class=\"bodytext\"><b>Beim Grillieren<\/b><br \/>\nDie wichtigste Regel beim Grillieren mit dem Gasgrill: Immer beim Grill bleiben! Nur so hat man alles so gut wie m\u00f6glich unter Kontrolle und Ver\u00e4nderungen im Blick. Der Grill sollte unbedingt an einem gut bel\u00fcfteten Platz stehen, damit k\u00f6nnen allf\u00e4lliger Rauch oder D\u00e4mpfe abziehen.<\/p>\n<p class=\"bodytext\"><b>Nach dem Grillieren<\/b><br \/>\nSchliessen Sie immer zuerst das Ventil der Gasflasche. Erst danach wird der Temperaturregler am Grill ausgeschaltet. Damit haben Sie die Sicherheit, falls jemand unbeabsichtigt den Temperaturregler \u00f6ffnet, kein Gas ausstr\u00f6men kann.<\/p>\n<p class=\"bodytext\"><img loading=\"lazy\" decoding=\"async\" class=\"alignnone wp-image-19 size-medium\" src=\"http:\/\/www.caravan-alpstaeg.ch\/wp-content\/uploads\/2016\/10\/cropped-cropped-cropped-logo-300x113.jpg\" alt=\"cropped-cropped-cropped-logo.jpg\" width=\"300\" height=\"113\" srcset=\"https:\/\/www.caravan-alpstaeg.ch\/wp-content\/uploads\/2016\/10\/cropped-cropped-cropped-logo-300x113.jpg 300w, https:\/\/www.caravan-alpstaeg.ch\/wp-content\/uploads\/2016\/10\/cropped-cropped-cropped-logo-768x289.jpg 768w, https:\/\/www.caravan-alpstaeg.ch\/wp-content\/uploads\/2016\/10\/cropped-cropped-cropped-logo-1024x386.jpg 1024w, https:\/\/www.caravan-alpstaeg.ch\/wp-content\/uploads\/2016\/10\/cropped-cropped-cropped-logo-212x80.jpg 212w, https:\/\/www.caravan-alpstaeg.ch\/wp-content\/uploads\/2016\/10\/cropped-cropped-cropped-logo.jpg 1378w\" sizes=\"auto, (max-width: 300px) 100vw, 300px\" \/><\/p>\n<\/article>\n<\/section>\n<\/section>\n<\/section>\n<\/section>\n<p><script><br \/>\n  (function(i,s,o,g,r,a,m){i['GoogleAnalyticsObject']=r;i[r]=i[r]||function(){<br \/>\n  (i[r].q=i[r].q||[]).push(arguments)},i[r].l=1*new Date();a=s.createElement(o),<br \/>\n  m=s.getElementsByTagName(o)[0];a.async=1;a.src=g;m.parentNode.insertBefore(a,m)<br \/>\n  })(window,document,'script','https:\/\/www.google-analytics.com\/analytics.js','ga');<\/p>\n<p>  ga('create', 'UA-89650674-1', 'auto');<br \/>\n  ga('send', 'pageview');<\/p>\n<p><\/script><\/p>\n","protected":false},"excerpt":{"rendered":"<p>Caravan Alpst\u00e4g verf\u00fcgt \u00fcber ein Gasdepot der Firma Vitogas. Im Sortiment haben wir die beliebte 10 Kg Kunststoffflaschen oder die 10,5 Kg Stahlflaschen. \u00a0 Preise : 10 Kg. Kunststoff\u00a0 inkl. MwSt SFr. 43.- 10,5 Kg. Stahl\u00a0 \u00a0 \u00a0 \u00a0 inkl. MwSt SFr. 40.- Sicherheit geht vor! Wer sich f\u00fcr einen [&hellip;]<\/p>\n","protected":false},"author":1,"featured_media":0,"parent":0,"menu_order":4,"comment_status":"closed","ping_status":"closed","template":"","meta":{"_exactmetrics_skip_tracking":false,"_exactmetrics_sitenote_active":false,"_exactmetrics_sitenote_note":"","_exactmetrics_sitenote_category":0,"footnotes":""},"class_list":["post-37","page","type-page","status-publish","hentry"],"_links":{"self":[{"href":"https:\/\/www.caravan-alpstaeg.ch\/index.php?rest_route=\/wp\/v2\/pages\/37","targetHints":{"allow":["GET"]}}],"collection":[{"href":"https:\/\/www.caravan-alpstaeg.ch\/index.php?rest_route=\/wp\/v2\/pages"}],"about":[{"href":"https:\/\/www.caravan-alpstaeg.ch\/index.php?rest_route=\/wp\/v2\/types\/page"}],"author":[{"embeddable":true,"href":"https:\/\/www.caravan-alpstaeg.ch\/index.php?rest_route=\/wp\/v2\/users\/1"}],"replies":[{"embeddable":true,"href":"https:\/\/www.caravan-alpstaeg.ch\/index.php?rest_route=%2Fwp%2Fv2%2Fcomments&post=37"}],"version-history":[{"count":9,"href":"https:\/\/www.caravan-alpstaeg.ch\/index.php?rest_route=\/wp\/v2\/pages\/37\/revisions"}],"predecessor-version":[{"id":467,"href":"https:\/\/www.caravan-alpstaeg.ch\/index.php?rest_route=\/wp\/v2\/pages\/37\/revisions\/467"}],"wp:attachment":[{"href":"https:\/\/www.caravan-alpstaeg.ch\/index.php?rest_route=%2Fwp%2Fv2%2Fmedia&parent=37"}],"curies":[{"name":"wp","href":"https:\/\/api.w.org\/{rel}","templated":true}]}}